{"id":717,"date":"2019-01-16T08:48:48","date_gmt":"2019-01-16T07:48:48","guid":{"rendered":"http:\/\/carum.org\/?page_id=717"},"modified":"2022-05-20T21:47:09","modified_gmt":"2022-05-20T19:47:09","slug":"srlf-2019","status":"publish","type":"page","link":"https:\/\/carum.org\/index.php\/srlf-2019\/","title":{"rendered":"Congr\u00e8s SRLF 2019"},"content":{"rendered":"\n<p>23 janvier 2019, congr\u00e8s de la SRLF 2019<\/p>\n\n\n\n<p>17h15-17h35 <a href=\"http:\/\/carum.org\/wp-content\/uploads\/2019\/02\/SRLF-NRBC.pdf\">Le risque NRBC par St\u00e9phane Travers (Paris)<\/a><\/p>\n\n\n\n<p>17h35-17h55 <a href=\"http:\/\/carum.org\/wp-content\/uploads\/2019\/03\/CARUM-SRLF-AUSSET-ST.pdf\">Transfusion de sang total: bient\u00f4t en m\u00e9decine civile<\/a>?  par Sylvain Ausset (Clamart)<\/p>\n\n\n\n<p>17h55-18h15 <a href=\"http:\/\/ http:\/\/carum.org\/srlf-2019-explosion-compat-pc\/\">Blast et blessures par explosions Jean Louis Daban (Clamart)<\/a><\/p>\n\n\n\n<p>18h15-18h35 Retour d&rsquo;exp\u00e9rience sur la bande Saharo-Sah\u00e9lienne  par Kevin Kearns (Vincennes)<\/p>\n","protected":false},"excerpt":{"rendered":"<p>23 janvier 2019, congr\u00e8s de la SRLF 2019 17h15-17h35 Le risque NRBC par St\u00e9phane Travers (Paris) 17h35-17h55 Transfusion de sang total: bient\u00f4t en m\u00e9decine civile? par Sylvain Ausset (Clamart) 17h55-18h15 Blast et blessures par explosions Jean Louis Daban (Clamart) 18h15-18h35 Retour d&rsquo;exp\u00e9rience sur la bande Saharo-Sah\u00e9lienne par Kevin Kearns (Vincennes)<\/p>\n","protected":false},"author":1,"featured_media":0,"parent":0,"menu_order":0,"comment_status":"closed","ping_status":"closed","template":"","meta":{"footnotes":""},"class_list":["post-717","page","type-page","status-publish","hentry"],"_links":{"self":[{"href":"https:\/\/carum.org\/index.php\/wp-json\/wp\/v2\/pages\/717","targetHints":{"allow":["GET"]}}],"collection":[{"href":"https:\/\/carum.org\/index.php\/wp-json\/wp\/v2\/pages"}],"about":[{"href":"https:\/\/carum.org\/index.php\/wp-json\/wp\/v2\/types\/page"}],"author":[{"embeddable":true,"href":"https:\/\/carum.org\/index.php\/wp-json\/wp\/v2\/users\/1"}],"replies":[{"embeddable":true,"href":"https:\/\/carum.org\/index.php\/wp-json\/wp\/v2\/comments?post=717"}],"version-history":[{"count":6,"href":"https:\/\/carum.org\/index.php\/wp-json\/wp\/v2\/pages\/717\/revisions"}],"predecessor-version":[{"id":749,"href":"https:\/\/carum.org\/index.php\/wp-json\/wp\/v2\/pages\/717\/revisions\/749"}],"wp:attachment":[{"href":"https:\/\/carum.org\/index.php\/wp-json\/wp\/v2\/media?parent=717"}],"curies":[{"name":"wp","href":"https:\/\/api.w.org\/{rel}","templated":true}]}}