{"id":544,"date":"2018-09-21T14:17:23","date_gmt":"2018-09-21T12:17:23","guid":{"rendered":"http:\/\/carum.org\/?page_id=544"},"modified":"2022-12-08T19:59:08","modified_gmt":"2022-12-08T18:59:08","slug":"conference-2018-2019-reanimation-prehospitaliere","status":"publish","type":"page","link":"https:\/\/carum.org\/index.php\/conference-2018-2019-reanimation-prehospitaliere\/","title":{"rendered":"Confe\u0301rence 2018-2019 &#8211; Re\u0301animation pre\u0301hospitali\u00e8re EVDG-BSPP"},"content":{"rendered":"<div title=\"Page 1\">\n<div style=\"text-align: center;\"><strong>Mardi 25 septembre 2018 SPECIAL PEDIATRIE<\/strong><\/div>\n<div><\/div>\n<p>Attaques terroristes: de l&rsquo;\u00e9pid\u00e9miologie au damage controle p\u00e9diatrique &#8211; MC Pasquier,<\/p>\n<p>Terrorisme: particularit\u00e9s p\u00e9diatriques &#8211;\u00a0Dr Chabernaud, <a href=\"http:\/\/carum.org\/wp-content\/uploads\/2018\/10\/Mardi-du-val-2018JLC-25-sept-Attentats-pediatrie-.pdf\"><strong>(PRESENTATION)<\/strong><\/a><\/p>\n<p>Accouchement par le si\u00e8ge &#8211; Dr Depret-Mosser, <a href=\"http:\/\/carum.org\/wp-content\/uploads\/2018\/10\/Mardi-du-val-2018siege-Paris-3_DepretMosser.pdf\"><strong>(PRESENTATION)<\/strong><\/a><\/p>\n<p>Pathologie cardiaques chez la femme enceinte &#8211;\u00a0 Dr Paquin, <a href=\"http:\/\/carum.org\/wp-content\/uploads\/2018\/10\/Mardi-du-val-2018Cardiopathie-et-grossesse-Sandrine-PAQUIN.pdf\"><strong>(PRESENTATION)<\/strong><\/a><\/p>\n<p><span style=\"color: initial; font-family: -apple-system, BlinkMacSystemFont, 'Segoe UI', Roboto, Oxygen-Sans, Ubuntu, Cantarell, 'Helvetica Neue', sans-serif;\">Evolution du terrorisme: les enfants peuvent-ils \u00eatre des cibles? &#8211;<\/span><span style=\"color: initial; font-family: -apple-system, BlinkMacSystemFont, 'Segoe UI', Roboto, Oxygen-Sans, Ubuntu, Cantarell, 'Helvetica Neue', sans-serif;\">\u00a0Dr FUILLA <a href=\"http:\/\/carum.org\/wp-content\/uploads\/2018\/10\/Mardi-du-val-2018-Pre\u0301sentation-FUILLA-VDG.pdf\"><strong>(PRESENTATION)<\/strong><\/a><\/span><\/p>\n<hr \/>\n<p style=\"text-align: center;\"><strong>Mardi 16 octobre 2018 a\u0300 14h30 EVENEMENT INDE\u0301SIRABLE : L\u2019ERREUR EST HUMAINE<\/strong><\/p>\n<p>L\u2019erreur serait de cacher \u2013 Dr Auvrignon\u00a0 et Mme Davous<br \/>\nDe\u0301dramatiser et travailler nos erreurs &#8211; Professeur Galam<\/p>\n<p>Qu\u2019avons-nous appris de nos erreurs ? \u2013 MCE Le Ngoc Hue\u0301 et LCL Baille<br \/>\nPlaidoyer pour une culture de l\u2019erreur \u2013 M. Jollans<\/p>\n<\/div>\n<hr \/>\n<div title=\"Page 1\">\n<p style=\"text-align: center;\"><strong>Mardi 4 de\u0301cembre 2018 a\u0300 14h30\u00a0PRISE EN CHARGE DU TRAUMATISE\u0301 GRAVE<\/strong><\/p>\n<div>\n<div>\n<p>Prolonged Field Care : quand il faut durer loin de l\u2019ho\u0302pital \u2013 MP Gabriel, MC Nicolas <a href=\"https:\/\/carum.org\/wp-content\/uploads\/2022\/12\/Prolonged.pdf\"><strong>(PRESENTATION)<\/strong><\/a><\/p>\n<p>Re\u0301seaux de traumatologie. Perspectives internationales \u2013 Dr Gauss\u00a0 (<strong><a href=\"http:\/\/carum.org\/wp-content\/uploads\/2018\/12\/TS-BSPP-12-18_1.pdf\">PRESENTATION 1<\/a> <\/strong>et <strong><a href=\"http:\/\/carum.org\/wp-content\/uploads\/2018\/12\/TS-BSPP-12-18_2-1.pdf\">PRESENTATION 2<\/a>)<\/strong><\/p>\n<p>Transfusion pre\u0301-hospitalie\u0300re en OPEX et Me\u0301tropole \u2013 Pr Martinaud <strong><a href=\"http:\/\/carum.org\/wp-content\/uploads\/2018\/12\/transfusion-prehospitaliere.pdf\">(PRESENTATION<\/a>)<\/strong> ; MED Saillol <strong><a href=\"http:\/\/carum.org\/wp-content\/uploads\/2018\/12\/TSF-preH-CH-PAU-2018.pdf\">(PRESENTATION)<\/a><\/strong><\/p>\n<\/div>\n<\/div>\n<div><\/div>\n<div>\n<hr \/>\n<\/div>\n<div style=\"text-align: center;\"><strong>Mardi 22 janvier 2019 a\u0300 14h30\u00a0INFIRMIER EN SITUATION ISOLE\u0301E<\/strong><\/div>\n<p>Une soire\u0301e hors normes \u2013 ADC Robardet\u00a0 <strong><a href=\"http:\/\/carum.org\/une-soiree-hors-norme\/\">(PRESENTATION)<\/a><\/strong><\/p>\n<p>Pratique libe\u0301rale, une re\u0301alite\u0301 de terrain \u2013 Mme. Prioux<\/p>\n<p>La me\u0301decine de pre\u0301vention confronte\u0301e a\u0300 l\u2019urgence \u2013 SCH Lemoine<\/p>\n<p>Carence du SMUR, l\u2019infirmier, le dernier recours \u2013 Infirmier lieutenant Fossier<\/p>\n<p>Urgence en station \u2013 Infirmier sous-lieutenant Petitjean<\/p>\n<\/div>\n<hr \/>\n<p style=\"text-align: center;\"><strong>Mardi 19 mars 2019 a\u0300 14h30 TE\u0301LE\u0301ME\u0301DECINE EN PRE\u0301HOSPITALIER<\/strong><\/p>\n<p>Mobile Stroke Unit : expe\u0301rience de la ville de Homburg \u2013 Dr Ragoschke-Schumm<\/p>\n<p>Te\u0301le\u0301me\u0301decine pre\u0301hospitalie\u0300re : aspects juridiques \u2013 MCE Hertgen <strong><a href=\"http:\/\/carum.org\/telemedecine-juridique\/\">(PRESENTATION)<\/a><\/strong><\/p>\n<p>Te\u0301le\u0301me\u0301decine interservices SAMU-SDIS : expe\u0301rience de la Dordogne \u2013 MHC Buhaj<\/p>\n<div title=\"Page 1\">\n<div><\/div>\n<\/div>\n","protected":false},"excerpt":{"rendered":"<p>Mardi 25 septembre 2018 SPECIAL PEDIATRIE Attaques terroristes: de l&rsquo;\u00e9pid\u00e9miologie au damage controle p\u00e9diatrique &#8211; MC Pasquier, Terrorisme: particularit\u00e9s p\u00e9diatriques &#8211;\u00a0Dr Chabernaud, (PRESENTATION) Accouchement par le si\u00e8ge &#8211; Dr Depret-Mosser, (PRESENTATION) Pathologie cardiaques chez la femme enceinte &#8211;\u00a0 Dr Paquin, (PRESENTATION) Evolution du terrorisme: les enfants peuvent-ils \u00eatre des cibles? &#8211;\u00a0Dr FUILLA (PRESENTATION) Mardi 16 [&hellip;]<\/p>\n","protected":false},"author":1,"featured_media":0,"parent":0,"menu_order":0,"comment_status":"closed","ping_status":"closed","template":"","meta":{"footnotes":""},"class_list":["post-544","page","type-page","status-publish","hentry"],"_links":{"self":[{"href":"https:\/\/carum.org\/index.php\/wp-json\/wp\/v2\/pages\/544","targetHints":{"allow":["GET"]}}],"collection":[{"href":"https:\/\/carum.org\/index.php\/wp-json\/wp\/v2\/pages"}],"about":[{"href":"https:\/\/carum.org\/index.php\/wp-json\/wp\/v2\/types\/page"}],"author":[{"embeddable":true,"href":"https:\/\/carum.org\/index.php\/wp-json\/wp\/v2\/users\/1"}],"replies":[{"embeddable":true,"href":"https:\/\/carum.org\/index.php\/wp-json\/wp\/v2\/comments?post=544"}],"version-history":[{"count":20,"href":"https:\/\/carum.org\/index.php\/wp-json\/wp\/v2\/pages\/544\/revisions"}],"predecessor-version":[{"id":1752,"href":"https:\/\/carum.org\/index.php\/wp-json\/wp\/v2\/pages\/544\/revisions\/1752"}],"wp:attachment":[{"href":"https:\/\/carum.org\/index.php\/wp-json\/wp\/v2\/media?parent=544"}],"curies":[{"name":"wp","href":"https:\/\/api.w.org\/{rel}","templated":true}]}}