{"id":396,"date":"2018-08-06T18:47:49","date_gmt":"2018-08-06T16:47:49","guid":{"rendered":"http:\/\/carum.org\/?page_id=396"},"modified":"2018-08-11T15:47:20","modified_gmt":"2018-08-11T13:47:20","slug":"archives-reanoxyo","status":"publish","type":"page","link":"https:\/\/carum.org\/index.php\/ressources-publiques\/archives-reanoxyo\/","title":{"rendered":"Archives: R\u00e9anoxyo"},"content":{"rendered":"<p>R\u00e9anoxyo \u00e9tait la revue du CARUM, mais \u00e9galement de l\u2019ensemble des anesth\u00e9sistes r\u00e9animateurs et urgentistes militaires. Cette revue <span class=\"info\">publiait en fran\u00e7ais ou en anglais des textes qui concernaient la m\u00e9decine de guerre et les op\u00e9rations ext\u00e9rieures, la m\u00e9decine d&rsquo;urgence, la m\u00e9decine tropicale, l&rsquo;anesth\u00e9sie, l&rsquo;analg\u00e9sie ou la r\u00e9animation, l&rsquo;histoire et la m\u00e9thodologie.<\/span><\/p>\n<p><span class=\"info\"> Nous publions ici ses archives: <strong>r\u00e9galez-vous<\/strong>!\u00a0<\/span><\/p>\n<p>&nbsp;<\/p>\n<div id='gallery-2' class='gallery galleryid-396 gallery-columns-3 gallery-size-thumbnail'><dl class='gallery-item'>\n\t\t\t<dt class='gallery-icon portrait'>\n\t\t\t\t<a href=\"http:\/\/carum.org\/wp-content\/uploads\/2018\/08\/Reanoxyo_27-1@.pdf\" target=\"_blank\" class=\"set-target no-lightbox\"><img loading=\"lazy\" decoding=\"async\" width=\"150\" height=\"150\" src=\"https:\/\/carum.org\/wp-content\/uploads\/2018\/08\/couv27-1-150x150.png\" class=\"attachment-thumbnail size-thumbnail\" alt=\"\" \/><\/a>\n\t\t\t<\/dt><\/dl><dl class='gallery-item'>\n\t\t\t<dt class='gallery-icon portrait'>\n\t\t\t\t<a href=\"http:\/\/carum.org\/wp-content\/uploads\/2018\/08\/Reanoxyo_n26-2_V3.pdf\" target=\"_self\" class=\"no-lightbox\"><img loading=\"lazy\" decoding=\"async\" width=\"150\" height=\"150\" src=\"https:\/\/carum.org\/wp-content\/uploads\/2018\/08\/Couv-26-2-Carum-150x150.jpg\" class=\"attachment-thumbnail size-thumbnail\" alt=\"\" \/><\/a>\n\t\t\t<\/dt><\/dl><dl class='gallery-item'>\n\t\t\t<dt class='gallery-icon portrait'>\n\t\t\t\t<a href=\"http:\/\/carum.org\/wp-content\/uploads\/2018\/08\/Reanoxyo_n28-1_V5-Final-1.pdf\" class=\"no-lightbox\"><img loading=\"lazy\" decoding=\"async\" width=\"150\" height=\"150\" src=\"https:\/\/carum.org\/wp-content\/uploads\/2018\/08\/Couv-28-150x150.jpg\" class=\"attachment-thumbnail size-thumbnail\" alt=\"\" \/><\/a>\n\t\t\t<\/dt><\/dl><br style=\"clear: both\" \/><dl class='gallery-item'>\n\t\t\t<dt class='gallery-icon portrait'>\n\t\t\t\t<a href=\"http:\/\/carum.org\/wp-content\/uploads\/2018\/08\/Reanoxyo_vol_26-N1_tbd_CARUM.pdf\" class=\"no-lightbox\"><img loading=\"lazy\" decoding=\"async\" width=\"150\" height=\"150\" src=\"https:\/\/carum.org\/wp-content\/uploads\/2018\/08\/Couv-26-1-Carum-150x150.jpg\" class=\"attachment-thumbnail size-thumbnail\" alt=\"\" \/><\/a>\n\t\t\t<\/dt><\/dl><dl class='gallery-item'>\n\t\t\t<dt class='gallery-icon portrait'>\n\t\t\t\t<a href=\"http:\/\/carum.org\/wp-content\/uploads\/2018\/08\/Re\u0301anoxyo-25-3.pdf\" class=\"no-lightbox\"><img loading=\"lazy\" decoding=\"async\" width=\"150\" height=\"150\" src=\"https:\/\/carum.org\/wp-content\/uploads\/2018\/08\/Re-anoxyo-25-3-couverture-150x150.jpg\" class=\"attachment-thumbnail size-thumbnail\" alt=\"\" \/><\/a>\n\t\t\t<\/dt><\/dl><dl class='gallery-item'>\n\t\t\t<dt class='gallery-icon portrait'>\n\t\t\t\t<a href=\"http:\/\/carum.org\/wp-content\/uploads\/2018\/08\/Re\u0301anoxyo-25-2.pdf\" class=\"no-lightbox\"><img loading=\"lazy\" decoding=\"async\" width=\"150\" height=\"150\" src=\"https:\/\/carum.org\/wp-content\/uploads\/2018\/08\/Vignette-Reanoxyo-25-2-150x150.jpg\" class=\"attachment-thumbnail size-thumbnail\" alt=\"\" \/><\/a>\n\t\t\t<\/dt><\/dl><br style=\"clear: both\" \/><dl class='gallery-item'>\n\t\t\t<dt class='gallery-icon portrait'>\n\t\t\t\t<a href=\"http:\/\/carum.org\/wp-content\/uploads\/2018\/08\/Reanoxyo_n\u00b025_V6.pdf\" class=\"no-lightbox\"><img loading=\"lazy\" decoding=\"async\" width=\"150\" height=\"150\" src=\"https:\/\/carum.org\/wp-content\/uploads\/2018\/08\/Reanoxyo-n--25-vignette-150x150.jpg\" class=\"attachment-thumbnail size-thumbnail\" alt=\"\" \/><\/a>\n\t\t\t<\/dt><\/dl><dl class='gallery-item'>\n\t\t\t<dt class='gallery-icon portrait'>\n\t\t\t\t<a href=\"http:\/\/carum.org\/wp-content\/uploads\/2018\/08\/reanoxyo_24.pdf\" target=\"_self\" class=\"no-lightbox\"><img loading=\"lazy\" decoding=\"async\" width=\"150\" height=\"150\" src=\"https:\/\/carum.org\/wp-content\/uploads\/2018\/08\/Couverture-Reanoxyo-24-150x150.jpg\" class=\"attachment-thumbnail size-thumbnail\" alt=\"\" \/><\/a>\n\t\t\t<\/dt><\/dl><dl class='gallery-item'>\n\t\t\t<dt class='gallery-icon portrait'>\n\t\t\t\t<a href=\"http:\/\/carum.org\/wp-content\/uploads\/2018\/08\/reanoxyo_23.pdf\" target=\"_self\" class=\"no-lightbox\"><img loading=\"lazy\" decoding=\"async\" width=\"150\" height=\"150\" src=\"https:\/\/carum.org\/wp-content\/uploads\/2018\/08\/Reanoxyo-23-150x150.jpg\" class=\"attachment-thumbnail size-thumbnail\" alt=\"\" \/><\/a>\n\t\t\t<\/dt><\/dl><br style=\"clear: both\" \/><dl class='gallery-item'>\n\t\t\t<dt class='gallery-icon portrait'>\n\t\t\t\t<a href=\"http:\/\/carum.org\/wp-content\/uploads\/2018\/08\/Reanoxyo-22_final.pdf\" target=\"_self\" class=\"no-lightbox\"><img loading=\"lazy\" decoding=\"async\" width=\"150\" height=\"150\" src=\"https:\/\/carum.org\/wp-content\/uploads\/2018\/08\/Reanoxyo-22-mars-2008_couv-1-150x150.jpg\" class=\"attachment-thumbnail size-thumbnail\" alt=\"\" \/><\/a>\n\t\t\t<\/dt><\/dl><dl class='gallery-item'>\n\t\t\t<dt class='gallery-icon portrait'>\n\t\t\t\t<a href=\"http:\/\/carum.org\/wp-content\/uploads\/2018\/08\/reanoxyo_carum_17.pdf\" target=\"_self\" class=\"no-lightbox\"><img loading=\"lazy\" decoding=\"async\" width=\"100\" height=\"142\" src=\"https:\/\/carum.org\/wp-content\/uploads\/2018\/08\/couv_reanoxyo_17.jpg\" class=\"attachment-thumbnail size-thumbnail\" alt=\"\" \/><\/a>\n\t\t\t<\/dt><\/dl><dl class='gallery-item'>\n\t\t\t<dt class='gallery-icon portrait'>\n\t\t\t\t<a href=\"http:\/\/carum.org\/wp-content\/uploads\/2018\/08\/Reanoxyo_20.pdf\" target=\"_self\" class=\"no-lightbox\"><img loading=\"lazy\" decoding=\"async\" width=\"150\" height=\"150\" src=\"https:\/\/carum.org\/wp-content\/uploads\/2018\/08\/Couv-Reanoxyo-20-150x150.jpg\" class=\"attachment-thumbnail size-thumbnail\" alt=\"\" \/><\/a>\n\t\t\t<\/dt><\/dl><br style=\"clear: both\" \/><dl class='gallery-item'>\n\t\t\t<dt class='gallery-icon portrait'>\n\t\t\t\t<a href=\"http:\/\/carum.org\/wp-content\/uploads\/2018\/08\/Reanoxyo-Nov-2007_BR.pdf\" target=\"_self\" class=\"no-lightbox\"><img loading=\"lazy\" decoding=\"async\" width=\"150\" height=\"150\" src=\"https:\/\/carum.org\/wp-content\/uploads\/2018\/08\/Couv-Reanoxyo-Nov-2007-150x150.jpg\" class=\"attachment-thumbnail size-thumbnail\" alt=\"\" \/><\/a>\n\t\t\t<\/dt><\/dl><dl class='gallery-item'>\n\t\t\t<dt class='gallery-icon portrait'>\n\t\t\t\t<a href=\"http:\/\/carum.org\/wp-content\/uploads\/2018\/08\/Reanoxyo-n\u00b019.pdf\" target=\"_self\" class=\"no-lightbox\"><img loading=\"lazy\" decoding=\"async\" width=\"100\" height=\"142\" src=\"https:\/\/carum.org\/wp-content\/uploads\/2018\/08\/Reanoxyo-19.jpg\" class=\"attachment-thumbnail size-thumbnail\" alt=\"\" \/><\/a>\n\t\t\t<\/dt><\/dl><dl class='gallery-item'>\n\t\t\t<dt class='gallery-icon portrait'>\n\t\t\t\t<a href=\"http:\/\/carum.org\/wp-content\/uploads\/2018\/08\/Reanoxyo-carum_18.pdf\" class=\"no-lightbox\"><img loading=\"lazy\" decoding=\"async\" width=\"100\" height=\"141\" src=\"https:\/\/carum.org\/wp-content\/uploads\/2018\/08\/Couv-Reanoxyo18.jpg\" class=\"attachment-thumbnail size-thumbnail\" alt=\"\" \/><\/a>\n\t\t\t<\/dt><\/dl><br style=\"clear: both\" \/><dl class='gallery-item'>\n\t\t\t<dt class='gallery-icon portrait'>\n\t\t\t\t<a href=\"http:\/\/carum.org\/wp-content\/uploads\/2018\/08\/reanoxyo_carum_16.pdf\" class=\"no-lightbox\"><img loading=\"lazy\" decoding=\"async\" width=\"100\" height=\"142\" src=\"https:\/\/carum.org\/wp-content\/uploads\/2018\/08\/couv_reanoxyo_16.jpg\" class=\"attachment-thumbnail size-thumbnail\" alt=\"\" \/><\/a>\n\t\t\t<\/dt><\/dl><dl class='gallery-item'>\n\t\t\t<dt class='gallery-icon portrait'>\n\t\t\t\t<a href=\"http:\/\/carum.org\/wp-content\/uploads\/2018\/08\/Re\u0301anoxyo_carum_11.pdf\" class=\"no-lightbox\"><img loading=\"lazy\" decoding=\"async\" width=\"100\" height=\"142\" src=\"https:\/\/carum.org\/wp-content\/uploads\/2018\/08\/couv_reanoxyo_11-1.jpg\" class=\"attachment-thumbnail size-thumbnail\" alt=\"\" \/><\/a>\n\t\t\t<\/dt><\/dl><dl class='gallery-item'>\n\t\t\t<dt class='gallery-icon portrait'>\n\t\t\t\t<a href=\"http:\/\/carum.org\/wp-content\/uploads\/2018\/08\/Re\u0301anoxyo_carum_12.pdf\" class=\"no-lightbox\"><img loading=\"lazy\" decoding=\"async\" width=\"101\" height=\"145\" src=\"https:\/\/carum.org\/wp-content\/uploads\/2018\/08\/carum-reanoxyo12.jpg\" class=\"attachment-thumbnail size-thumbnail\" alt=\"\" \/><\/a>\n\t\t\t<\/dt><\/dl><br style=\"clear: both\" \/><dl class='gallery-item'>\n\t\t\t<dt class='gallery-icon portrait'>\n\t\t\t\t<a href=\"http:\/\/carum.org\/wp-content\/uploads\/2018\/08\/reanoxyo_carum_13.pdf\" class=\"no-lightbox\"><img loading=\"lazy\" decoding=\"async\" width=\"103\" height=\"142\" src=\"https:\/\/carum.org\/wp-content\/uploads\/2018\/08\/couv_reanoxyo_13.jpg\" class=\"attachment-thumbnail size-thumbnail\" alt=\"\" \/><\/a>\n\t\t\t<\/dt><\/dl><dl class='gallery-item'>\n\t\t\t<dt class='gallery-icon portrait'>\n\t\t\t\t<a href=\"http:\/\/carum.org\/wp-content\/uploads\/2018\/08\/reanoxyo_carum_14.pdf\" class=\"no-lightbox\"><img loading=\"lazy\" decoding=\"async\" width=\"100\" height=\"141\" src=\"https:\/\/carum.org\/wp-content\/uploads\/2018\/08\/couv_reanoxyo_14.jpg\" class=\"attachment-thumbnail size-thumbnail\" alt=\"\" \/><\/a>\n\t\t\t<\/dt><\/dl><dl class='gallery-item'>\n\t\t\t<dt class='gallery-icon portrait'>\n\t\t\t\t<a href=\"http:\/\/carum.org\/wp-content\/uploads\/2018\/08\/reanoxyo_carum_15.pdf\" class=\"no-lightbox\"><img loading=\"lazy\" decoding=\"async\" width=\"100\" height=\"142\" src=\"https:\/\/carum.org\/wp-content\/uploads\/2018\/08\/Couv-Reanoxyo_n15.jpg\" class=\"attachment-thumbnail size-thumbnail\" alt=\"\" \/><\/a>\n\t\t\t<\/dt><\/dl><br style=\"clear: both\" \/><dl class='gallery-item'>\n\t\t\t<dt class='gallery-icon portrait'>\n\t\t\t\t<a href=\"http:\/\/carum.org\/wp-content\/uploads\/2018\/08\/Re\u0301anoxyo_carum_10.pdf\" class=\"no-lightbox\"><img loading=\"lazy\" decoding=\"async\" width=\"100\" height=\"142\" src=\"https:\/\/carum.org\/wp-content\/uploads\/2018\/08\/couv-reanoxyo10.jpg\" class=\"attachment-thumbnail size-thumbnail\" alt=\"\" \/><\/a>\n\t\t\t<\/dt><\/dl><dl class='gallery-item'>\n\t\t\t<dt class='gallery-icon portrait'>\n\t\t\t\t<a href=\"http:\/\/carum.org\/wp-content\/uploads\/2018\/08\/Re\u0301anoxyo_carum_9.pdf\" class=\"no-lightbox\"><img loading=\"lazy\" decoding=\"async\" width=\"100\" height=\"144\" src=\"https:\/\/carum.org\/wp-content\/uploads\/2018\/08\/couv-reanoxyo-9.jpg\" class=\"attachment-thumbnail size-thumbnail\" alt=\"\" \/><\/a>\n\t\t\t<\/dt><\/dl><dl class='gallery-item'>\n\t\t\t<dt class='gallery-icon portrait'>\n\t\t\t\t<a href=\"http:\/\/carum.org\/wp-content\/uploads\/2018\/08\/Reanoxyo_carum_7.pdf\" target=\"_self\" class=\"no-lightbox\"><img loading=\"lazy\" decoding=\"async\" width=\"101\" height=\"142\" src=\"https:\/\/carum.org\/wp-content\/uploads\/2018\/08\/couv-reanoxyo-7.jpg\" class=\"attachment-thumbnail size-thumbnail\" alt=\"\" \/><\/a>\n\t\t\t<\/dt><\/dl><br style=\"clear: both\" \/><dl class='gallery-item'>\n\t\t\t<dt class='gallery-icon portrait'>\n\t\t\t\t<a href=\"http:\/\/carum.org\/wp-content\/uploads\/2018\/08\/Reanoxyo_carum_8.pdf\" class=\"no-lightbox\"><img loading=\"lazy\" decoding=\"async\" width=\"101\" height=\"144\" src=\"https:\/\/carum.org\/wp-content\/uploads\/2018\/08\/couv-reanoxyo-8.jpg\" class=\"attachment-thumbnail size-thumbnail\" alt=\"\" \/><\/a>\n\t\t\t<\/dt><\/dl><dl class='gallery-item'>\n\t\t\t<dt class='gallery-icon portrait'>\n\t\t\t\t<a href=\"http:\/\/carum.org\/wp-content\/uploads\/2018\/08\/reanoxyo-05.pdf\" target=\"_self\" class=\"no-lightbox\"><img loading=\"lazy\" decoding=\"async\" width=\"101\" height=\"147\" src=\"https:\/\/carum.org\/wp-content\/uploads\/2018\/08\/carum-reanoxyo5.jpg\" class=\"attachment-thumbnail size-thumbnail\" alt=\"\" \/><\/a>\n\t\t\t<\/dt><\/dl><dl class='gallery-item'>\n\t\t\t<dt class='gallery-icon portrait'>\n\t\t\t\t<a href=\"http:\/\/carum.org\/wp-content\/uploads\/2018\/08\/Reanoxyo_carum_6.pdf\" class=\"no-lightbox\"><img loading=\"lazy\" decoding=\"async\" width=\"101\" height=\"146\" src=\"https:\/\/carum.org\/wp-content\/uploads\/2018\/08\/couv-reanoxyo-6.jpg\" class=\"attachment-thumbnail size-thumbnail\" alt=\"\" \/><\/a>\n\t\t\t<\/dt><\/dl><br style=\"clear: both\" \/>\n\t\t<\/div>\n\n<p>&nbsp;<\/p>\n<p>&nbsp;<\/p>\n<p>&nbsp;<\/p>\n","protected":false},"excerpt":{"rendered":"<p>R\u00e9anoxyo \u00e9tait la revue du CARUM, mais \u00e9galement de l\u2019ensemble des anesth\u00e9sistes r\u00e9animateurs et urgentistes militaires. Cette revue publiait en fran\u00e7ais ou en anglais des textes qui concernaient la m\u00e9decine de guerre et les op\u00e9rations ext\u00e9rieures, la m\u00e9decine d&rsquo;urgence, la m\u00e9decine tropicale, l&rsquo;anesth\u00e9sie, l&rsquo;analg\u00e9sie ou la r\u00e9animation, l&rsquo;histoire et la m\u00e9thodologie. Nous publions ici ses [&hellip;]<\/p>\n","protected":false},"author":1,"featured_media":0,"parent":70,"menu_order":0,"comment_status":"closed","ping_status":"closed","template":"","meta":{"footnotes":""},"class_list":["post-396","page","type-page","status-publish","hentry"],"_links":{"self":[{"href":"https:\/\/carum.org\/index.php\/wp-json\/wp\/v2\/pages\/396","targetHints":{"allow":["GET"]}}],"collection":[{"href":"https:\/\/carum.org\/index.php\/wp-json\/wp\/v2\/pages"}],"about":[{"href":"https:\/\/carum.org\/index.php\/wp-json\/wp\/v2\/types\/page"}],"author":[{"embeddable":true,"href":"https:\/\/carum.org\/index.php\/wp-json\/wp\/v2\/users\/1"}],"replies":[{"embeddable":true,"href":"https:\/\/carum.org\/index.php\/wp-json\/wp\/v2\/comments?post=396"}],"version-history":[{"count":4,"href":"https:\/\/carum.org\/index.php\/wp-json\/wp\/v2\/pages\/396\/revisions"}],"predecessor-version":[{"id":519,"href":"https:\/\/carum.org\/index.php\/wp-json\/wp\/v2\/pages\/396\/revisions\/519"}],"up":[{"embeddable":true,"href":"https:\/\/carum.org\/index.php\/wp-json\/wp\/v2\/pages\/70"}],"wp:attachment":[{"href":"https:\/\/carum.org\/index.php\/wp-json\/wp\/v2\/media?parent=396"}],"curies":[{"name":"wp","href":"https:\/\/api.w.org\/{rel}","templated":true}]}}