{"id":2126,"date":"2024-09-18T20:56:58","date_gmt":"2024-09-18T18:56:58","guid":{"rendered":"https:\/\/carum.org\/?page_id=2126"},"modified":"2025-06-13T10:38:14","modified_gmt":"2025-06-13T08:38:14","slug":"session-sfmu-carum-2025","status":"publish","type":"page","link":"https:\/\/carum.org\/index.php\/session-sfmu-carum-2025\/","title":{"rendered":"Session SFMU\/CARUM 2025"},"content":{"rendered":"\n<p>Traumatologie p\u00e9n\u00e9trante en pr\u00e9hospitalier : BACK TO BASICS<\/p>\n\n\n\n<p>Garroter : est-ce encore un sujet? Cl\u00e9ment DERKENNE (PRESENTATION  \/\/ <a href=\"https:\/\/youtu.be\/tVyj_R52uyk\">VIDEO<\/a>)<\/p>\n\n\n\n<p>Lutter contre l&rsquo;hypothermie: pourquoi? comment? (Jean-Baptiste DE LAMBERTERIE) (PRESENTATION \/\/ <a href=\"https:\/\/youtu.be\/U6LAm7w7auM\">VIDEO<\/a>)<\/p>\n\n\n\n<p>Strat\u00e9gie de remplissage et gestion des amines (Arthur JAMES) (PRESENTATION \/\/ <a href=\"https:\/\/youtu.be\/ptm1sjHRRRY\">VIDEO<\/a>)<\/p>\n\n\n\n<p>Vous pensez \u00eatre op\u00e9rationnel? Prouvez-le! Cas clinique interactif. (Yann DANIEL) (PRESENTATION \/\/ VIDEO)<\/p>\n\n\n\n<hr class=\"wp-block-separator has-alpha-channel-opacity\"\/>\n\n\n\n<p>BREAKING NEWS: Impact sur le syst\u00e8me de soins civil d&rsquo;un engagement de haute intensit\u00e9<\/p>\n\n\n\n<p>Pr RAUX et MC LARER (<a href=\"https:\/\/youtu.be\/24qRbADpcFU\">VIDEO<\/a>)<\/p>\n","protected":false},"excerpt":{"rendered":"<p>Traumatologie p\u00e9n\u00e9trante en pr\u00e9hospitalier : BACK TO BASICS Garroter : est-ce encore un sujet? Cl\u00e9ment DERKENNE (PRESENTATION \/\/ VIDEO) Lutter contre l&rsquo;hypothermie: pourquoi? comment? (Jean-Baptiste DE LAMBERTERIE) (PRESENTATION \/\/ VIDEO) Strat\u00e9gie de remplissage et gestion des amines (Arthur JAMES) (PRESENTATION \/\/ VIDEO) Vous pensez \u00eatre op\u00e9rationnel? Prouvez-le! Cas clinique interactif. (Yann DANIEL) (PRESENTATION \/\/ VIDEO) [&hellip;]<\/p>\n","protected":false},"author":1,"featured_media":0,"parent":0,"menu_order":0,"comment_status":"closed","ping_status":"closed","template":"","meta":{"footnotes":""},"class_list":["post-2126","page","type-page","status-publish","hentry"],"_links":{"self":[{"href":"https:\/\/carum.org\/index.php\/wp-json\/wp\/v2\/pages\/2126","targetHints":{"allow":["GET"]}}],"collection":[{"href":"https:\/\/carum.org\/index.php\/wp-json\/wp\/v2\/pages"}],"about":[{"href":"https:\/\/carum.org\/index.php\/wp-json\/wp\/v2\/types\/page"}],"author":[{"embeddable":true,"href":"https:\/\/carum.org\/index.php\/wp-json\/wp\/v2\/users\/1"}],"replies":[{"embeddable":true,"href":"https:\/\/carum.org\/index.php\/wp-json\/wp\/v2\/comments?post=2126"}],"version-history":[{"count":3,"href":"https:\/\/carum.org\/index.php\/wp-json\/wp\/v2\/pages\/2126\/revisions"}],"predecessor-version":[{"id":2202,"href":"https:\/\/carum.org\/index.php\/wp-json\/wp\/v2\/pages\/2126\/revisions\/2202"}],"wp:attachment":[{"href":"https:\/\/carum.org\/index.php\/wp-json\/wp\/v2\/media?parent=2126"}],"curies":[{"name":"wp","href":"https:\/\/api.w.org\/{rel}","templated":true}]}}