{"id":2092,"date":"2024-06-24T20:12:01","date_gmt":"2024-06-24T18:12:01","guid":{"rendered":"https:\/\/carum.org\/?page_id=2092"},"modified":"2024-09-23T19:53:56","modified_gmt":"2024-09-23T17:53:56","slug":"session-sfar-carum-2024","status":"publish","type":"page","link":"https:\/\/carum.org\/index.php\/session-sfar-carum-2024\/","title":{"rendered":"Session SFAR\/CARUM 2024"},"content":{"rendered":"\n<p>Afflux saturants en milieu civil et militaire&nbsp;: enjeux communs. <em>Dr Rapha\u00ebl PARIS <\/em><\/p>\n\n\n\n<p>Soutien m\u00e9dical dans les op\u00e9rations des forces sp\u00e9ciales.<em>Pr Pierre PASQUIER <\/em> <a href=\"https:\/\/carum.org\/wp-content\/uploads\/2024\/09\/PASQUIER.pdf\">(PRESENTATION)<\/a><\/p>\n\n\n\n<p>Conflit russo-ukrainien : quelles le\u00e7ons pour les anesth\u00e9sistes-r\u00e9animateurs\u00a0? <em>Dr Audrey JARRASSIER <\/em>(<a href=\"https:\/\/carum.org\/wp-content\/uploads\/2024\/09\/JARASSIER.pdf\">PRESENTATION<\/a>)<\/p>\n\n\n\n<p>Formation de masse \u00e0 la transfusion sanguine en situation d\u2019exception : apport d\u2019un serious game. <em>Dr Julien BORDES<\/em> <a href=\"https:\/\/carum.org\/wp-content\/uploads\/2024\/09\/BORDES.pdf\">(PRESENTATION)<\/a><\/p>\n\n\n\n<p><\/p>\n","protected":false},"excerpt":{"rendered":"<p>Afflux saturants en milieu civil et militaire&nbsp;: enjeux communs. Dr Rapha\u00ebl PARIS Soutien m\u00e9dical dans les op\u00e9rations des forces sp\u00e9ciales.Pr Pierre PASQUIER (PRESENTATION) Conflit russo-ukrainien : quelles le\u00e7ons pour les anesth\u00e9sistes-r\u00e9animateurs\u00a0? Dr Audrey JARRASSIER (PRESENTATION) Formation de masse \u00e0 la transfusion sanguine en situation d\u2019exception : apport d\u2019un serious game. Dr Julien BORDES (PRESENTATION)<\/p>\n","protected":false},"author":1,"featured_media":0,"parent":0,"menu_order":0,"comment_status":"closed","ping_status":"closed","template":"","meta":{"footnotes":""},"class_list":["post-2092","page","type-page","status-publish","hentry"],"_links":{"self":[{"href":"https:\/\/carum.org\/index.php\/wp-json\/wp\/v2\/pages\/2092","targetHints":{"allow":["GET"]}}],"collection":[{"href":"https:\/\/carum.org\/index.php\/wp-json\/wp\/v2\/pages"}],"about":[{"href":"https:\/\/carum.org\/index.php\/wp-json\/wp\/v2\/types\/page"}],"author":[{"embeddable":true,"href":"https:\/\/carum.org\/index.php\/wp-json\/wp\/v2\/users\/1"}],"replies":[{"embeddable":true,"href":"https:\/\/carum.org\/index.php\/wp-json\/wp\/v2\/comments?post=2092"}],"version-history":[{"count":7,"href":"https:\/\/carum.org\/index.php\/wp-json\/wp\/v2\/pages\/2092\/revisions"}],"predecessor-version":[{"id":2144,"href":"https:\/\/carum.org\/index.php\/wp-json\/wp\/v2\/pages\/2092\/revisions\/2144"}],"wp:attachment":[{"href":"https:\/\/carum.org\/index.php\/wp-json\/wp\/v2\/media?parent=2092"}],"curies":[{"name":"wp","href":"https:\/\/api.w.org\/{rel}","templated":true}]}}