{"id":19,"date":"2018-06-05T21:04:58","date_gmt":"2018-06-05T19:04:58","guid":{"rendered":"http:\/\/carum.org\/?page_id=19"},"modified":"2026-03-20T21:10:20","modified_gmt":"2026-03-20T20:10:20","slug":"le-mot-du-president","status":"publish","type":"page","link":"https:\/\/carum.org\/","title":{"rendered":""},"content":{"rendered":"<div style=\"text-align: center;\">\n<h1 style=\"text-align: center;\"><em><strong>IN THE FUTUR<\/strong><\/em><\/h1>\n<p class=\"p2\">La journ\u00e9e du club se profile. <a href=\"https:\/\/carum.org\/index.php\/congres-carum-2026\/\">Le programme est d\u00e9j\u00e0 incroyable<\/a>&#8230;. r\u00e9servez votre 2 d\u00e9cembre, \u00e0 Marseille!<\/p>\n<p class=\"p2\"><a style=\"font-size: revert; font-family: -apple-system, BlinkMacSystemFont, 'Segoe UI', Roboto, Oxygen-Sans, Ubuntu, Cantarell, 'Helvetica Neue', sans-serif;\" href=\"https:\/\/youtu.be\/24qRbADpcFU\">Comprendre les enjeux du rapatriement de masse de bless\u00e9s de guerre en France<\/a><\/p>\n<p style=\"text-align: center;\">Toute l&rsquo;ann\u00e9e, <strong><a href=\"https:\/\/carum.org\/index.php\/les-actualites-en-medecine-durgence\/\">les conf\u00e9rences pr\u00e9-hospitali\u00e8res de la BSPP et du BMPM<\/a><\/strong><\/p>\n<\/div>\n<div>\n<h1 style=\"text-align: center;\"><em><strong>IN THE PAST<\/strong><\/em><\/h1>\n<p style=\"text-align: center;\"><strong><a href=\"https:\/\/carum.org\/index.php\/congres-carum-2025\/\">La journ\u00e9e du Club <\/a>s&rsquo;est tenue le 1er octobre&#8230; incroyable!!!<\/strong><\/p>\n<p style=\"text-align: center;\"><a href=\"https:\/\/carum.org\/index.php\/session-sfmu-carum-2025\/\"><strong>Session CARUM au congr\u00e8s Urgences 2025!<\/strong> <\/a>les fondamentaux, garrots hypothermie&#8230;<\/p>\n<p style=\"text-align: center;\"><strong><a href=\"http:\/\/L\u2019intelligence artificielle en sant\u00e9 : enjeux \u00e9thiques et perspectives pour le SSA\" data-wplink-url-error=\"true\">3\u00e8me journ\u00e9e d&rsquo;\u00e9thique m\u00e9dico-militaire<\/a><\/strong> <em>L\u2019intelligence artificielle en sant\u00e9 : enjeux \u00e9thiques et perspectives pour le SSA!\u00a0<\/em><\/p>\n<p class=\"p2\">\n<p style=\"text-align: center;\">\n<\/div>\n<div>\n<p style=\"text-align: center;\">SI vous n&rsquo;\u00eates pas membre du club, tout ce qui est disponible en libre acc\u00e8s dans l&rsquo;espace public de ce site. Quelque chose comme 150 pr\u00e9sentations incroyables&#8230;.<\/p>\n<p style=\"text-align: center;\">Si vous \u00eates membre du club, la m\u00eame chose, en mieux puisque vous avez acc\u00e8s aux topo des 3 derni\u00e8res ann\u00e9es&#8230;<\/p>\n<\/div>\n<hr \/>\n<div><\/div>\n<div>\n<hr \/>\n<\/div>\n<div style=\"text-align: center;\"><\/div>\n<h1 style=\"text-align: center;\"><em><strong>Regardez la s\u00e9rie traumcast pour vous former \u00e0 la m\u00e9decine tactique!<\/strong><\/em><\/h1>\n<p><a href=\"https:\/\/www.youtube.com\/watch?v=ZlnKUqWs-d0\"><img loading=\"lazy\" decoding=\"async\" class=\"alignnone size-full wp-image-1026\" src=\"http:\/\/carum.org\/wp-content\/uploads\/2021\/01\/Capture-de\u0301cran-2021-01-27-a\u0300-21.32.55.png\" alt=\"\" width=\"846\" height=\"469\" srcset=\"https:\/\/carum.org\/wp-content\/uploads\/2021\/01\/Capture-de\u0301cran-2021-01-27-a\u0300-21.32.55.png 846w, https:\/\/carum.org\/wp-content\/uploads\/2021\/01\/Capture-de\u0301cran-2021-01-27-a\u0300-21.32.55-300x166.png 300w, https:\/\/carum.org\/wp-content\/uploads\/2021\/01\/Capture-de\u0301cran-2021-01-27-a\u0300-21.32.55-768x426.png 768w, https:\/\/carum.org\/wp-content\/uploads\/2021\/01\/Capture-de\u0301cran-2021-01-27-a\u0300-21.32.55-620x344.png 620w\" sizes=\"auto, (max-width: 846px) 100vw, 846px\" \/><\/a><\/p>\n<hr \/>\n","protected":false},"excerpt":{"rendered":"<p>IN THE FUTUR La journ\u00e9e du club se profile. Le programme est d\u00e9j\u00e0 incroyable&#8230;. r\u00e9servez votre 2 d\u00e9cembre, \u00e0 Marseille! Comprendre les enjeux du rapatriement de masse de bless\u00e9s de guerre en France Toute l&rsquo;ann\u00e9e, les conf\u00e9rences pr\u00e9-hospitali\u00e8res de la BSPP et du BMPM IN THE PAST La journ\u00e9e du Club s&rsquo;est tenue le 1er [&hellip;]<\/p>\n","protected":false},"author":1,"featured_media":0,"parent":0,"menu_order":0,"comment_status":"open","ping_status":"closed","template":"","meta":{"footnotes":""},"class_list":["post-19","page","type-page","status-publish","hentry"],"_links":{"self":[{"href":"https:\/\/carum.org\/index.php\/wp-json\/wp\/v2\/pages\/19","targetHints":{"allow":["GET"]}}],"collection":[{"href":"https:\/\/carum.org\/index.php\/wp-json\/wp\/v2\/pages"}],"about":[{"href":"https:\/\/carum.org\/index.php\/wp-json\/wp\/v2\/types\/page"}],"author":[{"embeddable":true,"href":"https:\/\/carum.org\/index.php\/wp-json\/wp\/v2\/users\/1"}],"replies":[{"embeddable":true,"href":"https:\/\/carum.org\/index.php\/wp-json\/wp\/v2\/comments?post=19"}],"version-history":[{"count":121,"href":"https:\/\/carum.org\/index.php\/wp-json\/wp\/v2\/pages\/19\/revisions"}],"predecessor-version":[{"id":2262,"href":"https:\/\/carum.org\/index.php\/wp-json\/wp\/v2\/pages\/19\/revisions\/2262"}],"wp:attachment":[{"href":"https:\/\/carum.org\/index.php\/wp-json\/wp\/v2\/media?parent=19"}],"curies":[{"name":"wp","href":"https:\/\/api.w.org\/{rel}","templated":true}]}}