{"id":1457,"date":"2022-09-30T20:45:23","date_gmt":"2022-09-30T18:45:23","guid":{"rendered":"https:\/\/carum.org\/?page_id=1457"},"modified":"2023-06-15T09:13:57","modified_gmt":"2023-06-15T07:13:57","slug":"conference-de-medecine-prehospitaliere-bspp-evdg-2022-2023","status":"publish","type":"page","link":"https:\/\/carum.org\/index.php\/conference-de-medecine-prehospitaliere-bspp-evdg-2022-2023\/","title":{"rendered":"Conf\u00e9rence de m\u00e9decine pr\u00e9-hospitali\u00e8re BSPP-EVDG 2022-2023"},"content":{"rendered":"\n<p><strong>Mardi 27 septembre 2022, Rencontres Gyn\u00e9co-Obst\u00e9triques<\/strong><\/p>\n\n\n\n<p>Retex PAKISTAN MP Elise Brami (PRESENTATION)<\/p>\n\n\n\n<p>Traumatise balistique chez l&rsquo;enfant. Dr Vincent Laforge (<a href=\"https:\/\/carum.org\/wp-content\/uploads\/2022\/11\/pakistan_EB.pdf\">PRESENTATION<\/a>)<\/p>\n\n\n\n<p>Box de transport des CGR dans les cellules sanitaires. MC Cl\u00e9ment Derkenne <a href=\"https:\/\/carum.org\/wp-content\/uploads\/2022\/09\/Mardi-du-Val-2022-transfu.pdf\">(PRESENTATION)<\/a><\/p>\n\n\n\n<p>Solut\u00e9s balanc\u00e9s en 2022. Dr Gueret &amp; Dr Dupic (<a href=\"https:\/\/carum.org\/wp-content\/uploads\/2022\/10\/VF-SB-GUERET-DUPIC.pdf\">PRESENTATION<\/a>)<\/p>\n\n\n\n<p>Le toucher Vaginal en m\u00e9decine pr\u00e9hospitali\u00e8re. MCS E.Ponties (<a href=\"https:\/\/carum.org\/wp-content\/uploads\/2022\/10\/le-toucher-vaginal-en-medecine-prehospitalie\u0300re-Re\u0301cupe\u0301re\u0301.pdf\">PRESENTATION<\/a>)<\/p>\n\n\n\n<p>R\u00e9flexions \u00e9thiques. Marina Salome (<a href=\"https:\/\/carum.org\/wp-content\/uploads\/2022\/10\/Reflexion-ethique-TV-Val-de-Grace.pdf\">PRESENTATION<\/a>)<\/p>\n\n\n\n<hr class=\"wp-block-separator has-alpha-channel-opacity\"\/>\n\n\n\n<p><strong>Mercredi 19 octobre 2022, D\u00e9cider en Situation d&rsquo;Incertitude<\/strong>. <\/p>\n\n\n\n<p>Pr\u00e9sident G\u00e9n\u00e9ral Joseph DUPRE LA TOUR ; Coordinateur MC Adrien FRAUDIN<\/p>\n\n\n\n<p>Incertitude : une d\u00e9cision, deux syst\u00e8mes \u2013 Pr Olivier SIBONY (Sp\u00e9cialiste de la prise de d\u00e9cision strat\u00e9gique) (<a href=\"https:\/\/carum.org\/wp-content\/uploads\/2022\/10\/Pre\u0301sentation-1-BSPP-25-mn-VF-2022-Pr-Sibony.pdf\">PRESENTATION<\/a>)<\/p>\n\n\n\n<p>Facteurs organisationnels et humains dans la prise de d\u00e9cision op\u00e9rationnelle \u2013 COL Ronan DE BLIGNI\u00c8RES (BSPP) <\/p>\n\n\n\n<p>D\u00e9cider en r\u00e9gulation m\u00e9dicale : enjeux et modalit\u00e9s \u2013 Dr Catherine PRADEAU (Board de r\u00e9gulation SFMU, SAMU 33) <a href=\"https:\/\/carum.org\/wp-content\/uploads\/2022\/10\/decider-en-regulation-V1-C-Pradeau.pdf\">(PRESENTATION)<\/a><\/p>\n\n\n\n<p>Direction des secours m\u00e9dicaux en situation de catastrophe \u2013 MC Cl\u00e9ment DERKENNE (Antenne m\u00e9dicale Satory) (<a href=\"https:\/\/carum.org\/wp-content\/uploads\/2022\/10\/DSM-en-situation-de-catastrophe-MdV-oct-2022.pdf\">PRESENTATION<\/a>)<\/p>\n\n\n\n<p>Cheminer en incertitude : l\u2019exp\u00e9rience des guides et des secouristes en haute montagne \u2013 Blaise AGRESTI (Guide de haute montagne et ancien commandant du PGHM)<\/p>\n\n\n\n<hr class=\"wp-block-separator has-alpha-channel-opacity\"\/>\n\n\n\n<p><strong>Mardi 6 d\u00e9cembre 2022, Pathologies circonstancielles, S\u00e9ance Commune BMPM\/BSPP<\/strong><\/p>\n\n\n\n<p>Coordinateurs: MC Nicolas CAZES ; MC Marilyn FRANCHIN<\/p>\n\n\n\n<p>Noyades : actualit\u00e9s 2022 (Pr MICHELET) <a href=\"https:\/\/carum.org\/wp-content\/uploads\/2022\/12\/Noyades-2022-BSPP.pdf\">(PRESENTATION)<\/a><\/p>\n\n\n\n<p>Ensevelissement et crush syndrome : r\u00e9animation sur le terrain et \u00e0 l\u2019h\u00f4pital (MC FONTAINE, HIA SAINTE ANNE) <a href=\"https:\/\/carum.org\/wp-content\/uploads\/2022\/12\/CRUSH-SYNDROME.pdf\">(PRESENTATION)<\/a><\/p>\n\n\n\n<p>Hypothermie accidentelle : prise en charge et orientation (Dr SCHMITT, CH ANNECY) <a href=\"https:\/\/carum.org\/wp-content\/uploads\/2022\/12\/CRUSH-SYNDROME.pdf\">(PRESENTATION)<\/a><\/p>\n\n\n\n<p>Accidents domestiques et jeux dangereux en p\u00e9diatrie (Dr JOLY, NECKER) <a href=\"https:\/\/carum.org\/wp-content\/uploads\/2022\/12\/Accidents-domestiques-en-pediatrie.pdf\">(PRESENTATION)<\/a><\/p>\n\n\n\n<hr class=\"wp-block-separator has-alpha-channel-opacity\"\/>\n\n\n\n<p><strong>Mardi 14 f\u00e9vrier 2023, Analg\u00e9sie et S\u00e9dation en pr\u00e9-hospitalier<\/strong><\/p>\n\n\n\n<p>Pr\u00e9sident Dr Virginie Eve LVOVSCHI; Coordinateur MC Amandine ABRIAT <\/p>\n\n\n\n<p>S\u00e9dation proc\u00e9durale en pr\u00e9hospitalier \u2013 Dr Agn\u00e8s RICARD-HIBON (SAMU 95) (<a href=\"https:\/\/carum.org\/wp-content\/uploads\/2023\/06\/topo-sedation-V2-reduit-procedurale-BSPP-2023.pdf\">PRESENTATION<\/a>)<\/p>\n\n\n\n<p>Utilisation de la voie intranasale \u2013 Dr Julien GALANT (Grenoble) <a href=\"https:\/\/carum.org\/wp-content\/uploads\/2023\/06\/IN-SEDATION-ANALGESIE-bspp-.pdf\">(PRESENTATION)<\/a><\/p>\n\n\n\n<p>Analg\u00e9sie s\u00e9dation en pr\u00e9hospitalier chez l\u2019enfant \u2013 Dr Mathias RATEAU (Necker) <a href=\"https:\/\/carum.org\/wp-content\/uploads\/2023\/06\/Douleur-ExtaH.pdf\">(PRESENTATION)<\/a><\/p>\n\n\n\n<p>Antalgie en situations particuli\u00e8res \u2013 Dr GALINSKY (Bordeaux) (<a href=\"https:\/\/carum.org\/wp-content\/uploads\/2023\/06\/CONF-BSPP-14022023Galinski-V3.pdf\">PRESENTATION<\/a>)<\/p>\n\n\n\n<hr class=\"wp-block-separator has-alpha-channel-opacity\"\/>\n\n\n\n<p><strong>Infirmiers et soins d&rsquo;urgence &#8211; Acquisition et maintien des comp\u00e9tences<\/strong><\/p>\n\n\n\n<p>Pr\u00e9sident: Mme Evelyne MALAQUIN-PAVAN ; Coordinateur Adj Fr\u00e9d\u00e9ric LEMOINE<\/p>\n\n\n\n<p>Formation et emploi des IPA urgence \u2013 Pr Youri YORDANOV (AP-HP)<\/p>\n\n\n\n<p>Parcours de formation des infirmiers BSPP : quelles comp\u00e9tences pour quels besoins de sant\u00e9 ? \u2013 ADC Fabien ROBARDET (BSPP)<\/p>\n\n\n\n<p>Adapter nos formations aux sp\u00e9cificit\u00e9s du milieu : l\u2019exemple des infirmiers sous-mariniers \u2013 Infirmier sous-marinier (SSA)<\/p>\n\n\n\n<p>Le processus d\u2019acquisition des comp\u00e9tences : promoteur de la performance d\u2019\u00e9quipe au service de l\u2019organisation \u2013 ADC J\u00e9r\u00f4me PALLIER (BSPP)<\/p>\n\n\n\n<hr class=\"wp-block-separator has-alpha-channel-opacity\"\/>\n\n\n\n<p><strong>Dissection aortique, de l&rsquo;appel aux secours au bloc op\u00e9ratoire<\/strong><\/p>\n\n\n\n<p>Pr\u00e9sident Pr Jean-Marc ALSAC ; Coordinateur MP Elise BRAMI<\/p>\n\n\n\n<p>Introduction de la probl\u00e9matique des DAo en pr\u00e9hospitalier : pr\u00e9sentation de l\u2019Algorithme pr\u00e9hospitalier SOS Aorte de l\u2019HEGP \u2013 Dr Baptiste DUCEAU (<a href=\"https:\/\/carum.org\/wp-content\/uploads\/2023\/06\/JourneeAorte_Valdegrace.pdf\">PRESENTATION<\/a>)<\/p>\n\n\n\n<p>Phase pr\u00e9hospitali\u00e8re : pr\u00e9sentation des 1ers r\u00e9sultats du registre SAAP \u2013 MP Elise BRAMI (BSPP) (PRESENTATION)<\/p>\n\n\n\n<p>Phase diagnostique radiologique : diagnostic radiologique \u2013 Dr Gilles SOULAT (Radio-diagnostic, HEGP) (<a href=\"https:\/\/carum.org\/wp-content\/uploads\/2023\/06\/dissection-soulat-val-de-grace.-pptx.pdf\">PRESENTATION<\/a>)<\/p>\n\n\n\n<p>Phase hospitali\u00e8re : accueil au r\u00e9veil d\u2019une suspicion de DAo \u2013 Dr D\u00e9borah BENCHETRIT (MAR, La Piti\u00e9) (<a href=\"https:\/\/carum.org\/wp-content\/uploads\/2023\/06\/MDV-Filiere-Aorte.pdf\">PRESENTATION<\/a>)<\/p>\n\n\n\n<p>Chirurgien vasculaire : prises en charge chirurgicales des DAo \u2013 Dr Willy SUTTER (chirurgie vasculaire, HEGP) (<a href=\"https:\/\/carum.org\/wp-content\/uploads\/2023\/06\/Presentation_DA.pdf\">PRESENTATION<\/a>)<\/p>\n\n\n\n<figure class=\"wp-block-image size-full\"><img loading=\"lazy\" decoding=\"async\" width=\"453\" height=\"642\" src=\"https:\/\/carum.org\/wp-content\/uploads\/2022\/09\/Confe\u0301rence-pre\u0301hospitalie\u0300re-2022-1.png\" alt=\"\" class=\"wp-image-1470\" srcset=\"https:\/\/carum.org\/wp-content\/uploads\/2022\/09\/Confe\u0301rence-pre\u0301hospitalie\u0300re-2022-1.png 453w, https:\/\/carum.org\/wp-content\/uploads\/2022\/09\/Confe\u0301rence-pre\u0301hospitalie\u0300re-2022-1-212x300.png 212w\" sizes=\"auto, (max-width: 453px) 100vw, 453px\" \/><\/figure>\n","protected":false},"excerpt":{"rendered":"<p>Mardi 27 septembre 2022, Rencontres Gyn\u00e9co-Obst\u00e9triques Retex PAKISTAN MP Elise Brami (PRESENTATION) Traumatise balistique chez l&rsquo;enfant. Dr Vincent Laforge (PRESENTATION) Box de transport des CGR dans les cellules sanitaires. MC Cl\u00e9ment Derkenne (PRESENTATION) Solut\u00e9s balanc\u00e9s en 2022. Dr Gueret &amp; Dr Dupic (PRESENTATION) Le toucher Vaginal en m\u00e9decine pr\u00e9hospitali\u00e8re. MCS E.Ponties (PRESENTATION) R\u00e9flexions \u00e9thiques. Marina [&hellip;]<\/p>\n","protected":false},"author":1,"featured_media":0,"parent":0,"menu_order":0,"comment_status":"closed","ping_status":"closed","template":"","meta":{"footnotes":""},"class_list":["post-1457","page","type-page","status-publish","hentry"],"_links":{"self":[{"href":"https:\/\/carum.org\/index.php\/wp-json\/wp\/v2\/pages\/1457","targetHints":{"allow":["GET"]}}],"collection":[{"href":"https:\/\/carum.org\/index.php\/wp-json\/wp\/v2\/pages"}],"about":[{"href":"https:\/\/carum.org\/index.php\/wp-json\/wp\/v2\/types\/page"}],"author":[{"embeddable":true,"href":"https:\/\/carum.org\/index.php\/wp-json\/wp\/v2\/users\/1"}],"replies":[{"embeddable":true,"href":"https:\/\/carum.org\/index.php\/wp-json\/wp\/v2\/comments?post=1457"}],"version-history":[{"count":17,"href":"https:\/\/carum.org\/index.php\/wp-json\/wp\/v2\/pages\/1457\/revisions"}],"predecessor-version":[{"id":1909,"href":"https:\/\/carum.org\/index.php\/wp-json\/wp\/v2\/pages\/1457\/revisions\/1909"}],"wp:attachment":[{"href":"https:\/\/carum.org\/index.php\/wp-json\/wp\/v2\/media?parent=1457"}],"curies":[{"name":"wp","href":"https:\/\/api.w.org\/{rel}","templated":true}]}}