{"id":1216,"date":"2022-01-26T16:05:00","date_gmt":"2022-01-26T15:05:00","guid":{"rendered":"https:\/\/carum.org\/?page_id=1216"},"modified":"2022-10-01T18:51:26","modified_gmt":"2022-10-01T16:51:26","slug":"congres-icar-carum-2022","status":"publish","type":"page","link":"https:\/\/carum.org\/index.php\/congres-icar-carum-2022\/","title":{"rendered":"CONGRES ICAR\/CARUM 2022"},"content":{"rendered":"<div class=\"members-access-error\">Ce contenu est r\u00e9serv\u00e9 aux membres. Veuillez vous connecter pour acc\u00e9der \u00e0 cette ressource.<\/div>\n","protected":false},"excerpt":{"rendered":"<div class=\"members-access-error\">Ce contenu est r\u00e9serv\u00e9 aux membres. Veuillez vous connecter pour acc\u00e9der \u00e0 cette ressource.<\/div>\n","protected":false},"author":1,"featured_media":0,"parent":0,"menu_order":0,"comment_status":"closed","ping_status":"closed","template":"","meta":{"footnotes":""},"class_list":["post-1216","page","type-page","status-publish","hentry"],"_links":{"self":[{"href":"https:\/\/carum.org\/index.php\/wp-json\/wp\/v2\/pages\/1216","targetHints":{"allow":["GET"]}}],"collection":[{"href":"https:\/\/carum.org\/index.php\/wp-json\/wp\/v2\/pages"}],"about":[{"href":"https:\/\/carum.org\/index.php\/wp-json\/wp\/v2\/types\/page"}],"author":[{"embeddable":true,"href":"https:\/\/carum.org\/index.php\/wp-json\/wp\/v2\/users\/1"}],"replies":[{"embeddable":true,"href":"https:\/\/carum.org\/index.php\/wp-json\/wp\/v2\/comments?post=1216"}],"version-history":[{"count":24,"href":"https:\/\/carum.org\/index.php\/wp-json\/wp\/v2\/pages\/1216\/revisions"}],"predecessor-version":[{"id":1510,"href":"https:\/\/carum.org\/index.php\/wp-json\/wp\/v2\/pages\/1216\/revisions\/1510"}],"wp:attachment":[{"href":"https:\/\/carum.org\/index.php\/wp-json\/wp\/v2\/media?parent=1216"}],"curies":[{"name":"wp","href":"https:\/\/api.w.org\/{rel}","templated":true}]}}