{"id":1019,"date":"2021-01-27T21:27:23","date_gmt":"2021-01-27T20:27:23","guid":{"rendered":"http:\/\/carum.org\/?page_id=1019"},"modified":"2024-01-20T15:08:53","modified_gmt":"2024-01-20T14:08:53","slug":"congres-icar-carum-2021","status":"publish","type":"page","link":"https:\/\/carum.org\/index.php\/congres-icar-carum-2021\/","title":{"rendered":"Congr\u00e8s ICAR\/CARUM 2021"},"content":{"rendered":"\n<p class=\"has-text-align-center\">En distanciel sur GEDISSA! <em>Accessible depuis moins de 10km de tout domicile <\/em><\/p>\n\n\n\n<p><strong>8h30&nbsp;: accueil et introduction du pr\u00e9sident du CARUM (MC&nbsp; Pierre-Fran\u00e7ois Wey)<\/strong><\/p>\n\n\n\n<p><strong>Communications orales <\/strong><em>(7 min pr\u00e9sentation, 3 min question)<\/em><\/p>\n\n\n\n<p><a href=\"https:\/\/carum.org\/wp-content\/uploads\/2021\/06\/PARASCHIV-CARUM-2021.pdf\">Am\u00e9lioration des performances et de la m\u00e9morisation de soignants de bless\u00e9s de guerre par l\u2019aide cognitive digitale personnalisable MAX<\/a>.<em> Andrei PARASCHIV (Lyon)<\/em><\/p>\n\n\n\n<p><a href=\"https:\/\/carum.org\/wp-content\/uploads\/2021\/06\/GASC-CARUM-2021.pdf\">\u00c9tat des lieux des connaissances et des pratiques des m\u00e9decins des forces concernant la prise en charge du coup de chaleur d\u2019exercice (CCE) \u00e0 la phase aigu\u00eb<\/a>. <em>Thomas GAS<\/em>C<\/p>\n\n\n\n<p><a href=\"https:\/\/carum.org\/wp-content\/uploads\/2021\/06\/DANIEL-CARUm-2021.pdf\">Capacit\u00e9s h\u00e9mostatiques des stagiaires commandos&nbsp;: leur sang conviendrait-il \u00e0 un bless\u00e9 de guerre h\u00e9morragique<\/a>? <em>Yann DANIEL (Paris)<\/em><\/p>\n\n\n\n<p><a href=\"https:\/\/carum.org\/wp-content\/uploads\/2021\/06\/DU-RETAIL-2021.pdf\">Soutien m\u00e9dical et retour d\u2019exp\u00e9rience de la tuerie de St JUST (Puy de D\u00f4me) du 20\/12\/2020&nbsp;:&nbsp;Un contexte rural difficile et typique des interventions du GIGN.<\/a> <em>C\u00e9dric (Paris)<\/em><\/p>\n\n\n\n<p><a href=\"https:\/\/carum.org\/wp-content\/uploads\/2021\/06\/MONTAGNON-SFMU-2021.pdf\">Etude des pratiques professionnelles chez les m\u00e9decins militaires du SSA sur l\u2019analg\u00e9sie par voie intra nasale. <\/a><em>Romain MONTAGNON (Toulon)<\/em><\/p>\n\n\n\n<p><a href=\"http:\/\/referentiel-v3-2020.pdf\"> Prise en charge d&rsquo;un traumatis\u00e9 abdominal balistique sur le territoire national: apport de l&rsquo;exp\u00e9rience du SSA. <em>Vincent <\/em><\/a><a href=\"https:\/\/carum.org\/wp-content\/uploads\/2021\/06\/DESROBERT-CARUM-2021.pdf\">https:\/\/carum.org\/wp-content\/uploads\/2021\/06\/DESROBERT-CARUM-2021.pdf<\/a><em>(Paris)<\/em><\/p>\n\n\n\n<p><strong>Conf\u00e9rences<\/strong> <em>(15-20 minutes)<\/em><\/p>\n\n\n\n<p><a href=\"https:\/\/carum.org\/wp-content\/uploads\/2021\/06\/LUFT-CARUM-2021.pdf\">Soutien m\u00e9dico-chirurgical en op\u00e9rations ext\u00e9rieures : un d\u00e9fi logistique guid\u00e9 par des imp\u00e9ratifs m\u00e9dicaux<\/a>. <em>Antoine LUFT (Paris)<\/em><\/p>\n\n\n\n<p><a href=\"https:\/\/carum.org\/wp-content\/uploads\/2021\/06\/BERTHO-CARUM-2021.pdf\">COVID -19: Retour sur exp\u00e9rience de la Brigade de Sapeurs-Pompiers de Paris.<\/a><em> Kilian BERTHO (Paris)<\/em><\/p>\n\n\n\n<p><a href=\"COVID-19: Premier d\u00e9ploiement d'un Element Mobile de R\u00e9animation \u00e0 Mulhouse.\">COVID-19: Premier d\u00e9ploiement d&rsquo;un Element Mobile de R\u00e9animation \u00e0 Mulhouse.<\/a> <em>Jacques ESCARMENT (Lyon)<\/em><\/p>\n\n\n\n<p><a href=\"https:\/\/carum.org\/wp-content\/uploads\/2021\/06\/FS-CARUM-2021.pdf\">Prise en charge initiale des bless\u00e9s des Forces Sp\u00e9ciales : analyse sur 5 ans.<\/a> <em>St\u00e9phane (Paris)<\/em><\/p>\n\n\n\n<p><a href=\"https:\/\/carum.org\/wp-content\/uploads\/2021\/06\/BAYLAC-CARUM-2021.pdf\">Retour d\u2019exp\u00e9rience d\u2019une <em>Legal Advisor<\/em> ancrage sant\u00e9 \u00e0 Gao<\/a>. <em>Marie BAYLAC (Lyon)<\/em><\/p>\n\n\n\n<p><a href=\"http:\/\/2021-SFMU_CARUM_Comment anticiper le Prolonged Field Care.pdf\">Evolutions du r\u00e9f\u00e9rentiel de sauvetage au combat 2020<\/a>. <em>Luc AIGLE (Marseille)<\/em><\/p>\n\n\n\n<p><strong>Assembl\u00e9e g\u00e9n\u00e9rale du CARUM<\/strong><\/p>\n","protected":false},"excerpt":{"rendered":"<p>En distanciel sur GEDISSA! Accessible depuis moins de 10km de tout domicile 8h30&nbsp;: accueil et introduction du pr\u00e9sident du CARUM (MC&nbsp; Pierre-Fran\u00e7ois Wey) Communications orales (7 min pr\u00e9sentation, 3 min question) Am\u00e9lioration des performances et de la m\u00e9morisation de soignants de bless\u00e9s de guerre par l\u2019aide cognitive digitale personnalisable MAX. Andrei PARASCHIV (Lyon) \u00c9tat des [&hellip;]<\/p>\n","protected":false},"author":1,"featured_media":0,"parent":0,"menu_order":0,"comment_status":"closed","ping_status":"closed","template":"","meta":{"footnotes":""},"class_list":["post-1019","page","type-page","status-publish","hentry"],"_links":{"self":[{"href":"https:\/\/carum.org\/index.php\/wp-json\/wp\/v2\/pages\/1019","targetHints":{"allow":["GET"]}}],"collection":[{"href":"https:\/\/carum.org\/index.php\/wp-json\/wp\/v2\/pages"}],"about":[{"href":"https:\/\/carum.org\/index.php\/wp-json\/wp\/v2\/types\/page"}],"author":[{"embeddable":true,"href":"https:\/\/carum.org\/index.php\/wp-json\/wp\/v2\/users\/1"}],"replies":[{"embeddable":true,"href":"https:\/\/carum.org\/index.php\/wp-json\/wp\/v2\/comments?post=1019"}],"version-history":[{"count":23,"href":"https:\/\/carum.org\/index.php\/wp-json\/wp\/v2\/pages\/1019\/revisions"}],"predecessor-version":[{"id":1175,"href":"https:\/\/carum.org\/index.php\/wp-json\/wp\/v2\/pages\/1019\/revisions\/1175"}],"wp:attachment":[{"href":"https:\/\/carum.org\/index.php\/wp-json\/wp\/v2\/media?parent=1019"}],"curies":[{"name":"wp","href":"https:\/\/api.w.org\/{rel}","templated":true}]}}